 - c))*1 prime?
True
Suppose 0 = -s - 871 - 183. Let n = -717 - s. Is n a composite number?
False
Let q be 2/(-2) + (-1 - 0). Let d be q/(-2)*(2 - -5). Is 1548/21 - (-2)/d composite?
True
Let t(r) = -r**3 - 2*r**2 + 3*r - 1. Suppose 4*h + 3*b = -4 - 4, -2*b = -3*h - 6. Let j be (h/4)/((-5)/(-40)). Is t(j) a composite number?
False
Let q = -2738 - -4661. Is q composite?
True
Let w = -100 + 439. Is w a prime number?
False
Suppose -2*b + 6*b + 5*l - 824 = 0, 0 = 3*b + 3*l - 621. Is b composite?
False
Let k(q) = 2*q**2 - 8*q + 16. Let n be k(-7). Suppose 4*b - n = 2*b. Is b a prime number?
False
Let u(z) = 8*z**2 - 14*z + 3. Let y(r) = -23*r**2 + 41*r - 8. Let s(b) = -3*b + 3. Let w be s(3). Let i(v) = w*y(v) - 17*u(v). Is i(6) composite?
True
Let w = 3 - 1. Suppose -5*a + 10 = 5*f, -3*a = a - w*f - 8. Suppose 0 = -a*q - 4, 1045 = 5*k + q + 4*q. Is k prime?
True
Let n = -7 + 7. Suppose 3*y + 2*u + 2*u - 20 = 0, -5*y - u = -22. Suppose n = -y*g + 639 - 179. Is g a composite number?
True
Let x(v) = 330*v**2 - 1. Is x(1) composite?
True
Let d(g) = 15*g + 14. Is d(3) composite?
False
Let w = -2681 - -5448. Is w prime?
True
Suppose -4*b + 826 + 666 = 0. Is b prime?
True
Suppose 4*y - 5*j = -6, 4*y + 2 = 3*y + j. Is (y/6)/(12/(-1242)) a composite number?
True
Let t = 1 - 6. Is t/((-8)/(-3) - 3) prime?
False
Suppose v = -2*r, 0*v = -2*v - 2*r + 4. Let y(j) = j**3 - 7*j**2 + 5*j + 3. Let s be y(v). Is (-216)/(-10) - 10/s a prime number?
False
Let k be 87*-1*8/(-6). Suppose 2*z + m - k = -z, z + 3*m = 44. Is z composite?
True
Let o(p) = -p**3 - 2*p**2 - 2*p - 1. Let w(n) = n + 7. Let y be w(-9). Let g be o(y). Is 406*(15/(-6) + g) prime?
False
Let m(n) = -n**2 + 5*n + 6. Let c be m(6). Suppose 140 = -c*u + 2*u + 3*w, -2*u + 144 = 5*w. Is u a prime number?
True
Suppose -3*x + 7 = -5. Let d(p) = p**2 - 4*p + 3. Let j be d(x). Suppose -j*b + 0*m + 68 = -2*m, 4*m = -4*b + 124. Is b a prime number?
False
Let q = -3 + 3. Suppose q = -j - v + 2*v - 2, -3*j - 5*v = -26. Is (-2 - -13)*5 - j prime?
True
Suppose 4*w - 511 = -3*z - 0*z, -2*w - 167 = -z. Suppose -3*l = -562 + z. Is l composite?
False
Let s = -168 + 98. Suppose 5*w = 377 + 238. Let x = s + w. Is x a composite number?
False
Let t be 0/3 + (2 - 1). Let m be (-1 + 4 + -3)/t. Suppose 3*d + 3*u = -u + 103, 2*d + 2*u - 70 = m. Is d a prime number?
True
Suppose 2*x + 4*c - 484 = 2610, 3*c + 4677 = 3*x. Is x composite?
True
Let f(q) = -16*q. Let a = -3 + 6. Let o be f(a). Let w = -27 - o. Is w a composite number?
True
Let j = -34 - -49. Let k be j*((-2)/3 + 1). Suppose 4*w - k*n = w + 95, n + 138 = 4*w. Is w prime?
False
Let o be 0 - 1/(1/(-9)). Let i = o + -7. Suppose 8 = -4*c, -2*c + 72 = i*j + 8. Is j composite?
True
Suppose 0*a - 2*a + 4668 = 2*i, a + 11664 = 5*i. Is i a prime number?
True
Suppose -2*d = -3 - 1. Suppose 2*j - 3*x - 32 = 0, -2*x = -d*j + 3*x + 28. Is j a composite number?
False
Suppose 4*n + 5 - 129 = 0. Is n a prime number?
True
Let o(p) = -114*p - 3. Is o(-3) a composite number?
True
Let k = -4 + 4. Is 52*((-4)/(-8) + k) a prime number?
False
Let o = 21 + -15. Let j = o + -11. Let a(z) = -16*z + 5. Is a(j) composite?
True
Let v(j) be the second derivative of j**3/2 - j**2 - 3*j. Let x be v(2). Is ((-10)/x)/(3/(-42)) a composite number?
True
Suppose 3*m - 2*w - 9 = 0, -2*m - 2*w = -m - 3. Suppose -5*c = 10, 5*r - m*r - 5*c - 16 = 0. Is r a composite number?
False
Let c = 886 + -557. Is c a prime number?
False
Let n = -38 + 77. Is n prime?
False
Let s(o) = 4*o**3 + 6*o**2 + 5*o - 10. Is s(9) a prime number?
False
Suppose 49*q = 47*q + 244. Let p(f) = f - 71. Let s be p(0). Let z = s + q. Is z composite?
True
Suppose -4*s = -0*f - f - 95, s = 5*f. Suppose -s = 2*w - 7*w, 495 = 5*j - 2*w. Suppose -2*p + 3*a + 159 = 0, -3*a - 145 - j = -3*p. Is p prime?
False
Let r = -216 + 113. Let a = 759 + -533. Let l = a + r. Is l composite?
True
Let z(u) = -25*u + 4. Let q(m) = -4*m**2 - m. Let d be q(-1). Is z(d) a composite number?
False
Let z(p) = 113*p. Let d be (-70)/(-56) - 2/8. Is z(d) prime?
True
Suppose -5*u + 2*k + 357 = 0, 5*u + 0*k + k - 354 = 0. Is u composite?
False
Suppose -5*j = -2*l + 487, l - 356 + 90 = -5*j. Is l a prime number?
True
Is ((-1)/(-3))/((-12)/(-24228)) a composite number?
False
Let s(l) = -35*l + 2. Let o be s(3). Let n = -52 - o. Is n a composite number?
True
Let d be ((-5)/4)/(4/(-400)). Let a = d + 130. Is -1 - -3 - a/(-3) a composite number?
True
Let y = -174 - -261. Is y composite?
True
Suppose -2*g + 0*j = 5*j - 809, -3*g = 5*j - 1206. Is g prime?
True
Let f = 5 + -5. Suppose 2*v - 50 = -3*p, -52 = -2*v - f*v - 4*p. Is v a prime number?
False
Suppose -129 = -3*i + 153. Suppose 111 = l - i. Is l prime?
False
Suppose 0 = -4*w - 3*m + 895, 2*w + 4*m - 164 = 286. Is w a composite number?
False
Is (-22 - -657)*(-1)/(-1) prime?
False
Let i = 44 + 15. Is i composite?
False
Suppose 5 = -3*n + 398. Is n a composite number?
False
Suppose -4*x + 2 = -10. Let s be (1 + -1 - -2) + 0. Suppose -x*o = -s*o - 21. Is o a composite number?
True
Let l(q) = -4*q + 7. Let t be l(7). Let n = t - -44. Is n a prime number?
True
Is 539 - (-1 - 1/(1/1)) composite?
False
Suppose 4*z - 8 = 8. Suppose 0 = p + z*p - 20. Suppose 0*o - 2*t + p = -o, -3*o + 5*t - 7 = 0. Is o prime?
False
Let p be 12/(-1)*28/(-3). Let u = -159 + p. Let d = 208 + u. Is d prime?
False
Let x(a) = -4*a - 1. Let q be x(-4). Suppose 6*f - q = f. Is 8/f*(-414)/(-24) composite?
True
Let o(b) = 0 - 2 - 6*b + 9 + b**2 + 0. Is o(5) prime?
True
Is -2 + -6*(-174)/4 prime?
False
Let m be 1/3 - (-12)/(-9). Let q be m*1 + -4 + 23. Let y = q + -7. Is y a prime number?
True
Suppose 483 - 3421 = -2*i. Is i prime?
False
Is 9214/22 + (-2)/(-11) a composite number?
False
Let a = -9 - -12. Suppose 243 = 3*j + 4*b, 216 = 3*j - 2*b - a*b. Is j composite?
True
Let d(p) = -p**3 + 9*p**2 + 3*p - 2. Let h be d(8). Suppose -3*r - 84 = -4*r + f, -r + h = -2*f. Is r prime?
False
Let i be (3 + -2)/(1/24). Suppose 0 = -3*p - i + 162. Is p a composite number?
True
Let z = 21 - 15. Is (z - 9) + (0 - -25) a prime number?
False
Let t(j) = 2*j**2 + 9*j - 14. Let v(f) = -3*f**2 - 9*f + 15. Let q(u) = -4*t(u) - 3*v(u). Let o be q(8). Suppose 2*n + 43 = o*n. Is n a prime number?
True
Let i be -53 + (-1 - 2 - -2). Let k = -23 - i. Is k a prime number?
True
Let r(t) = -4*t - 9*t**3 + 2*t**2 - 5*t + 8*t - 1. Is r(-3) a prime number?
True
Let a be ((-3)/(-9))/(3/36). Suppose 0 = -2*j - 3 + 13. Suppose j = 3*f - a. Is f a composite number?
False
Suppose -3*s = -7*s + 596. Is s prime?
True
Suppose 0 = -4*j - 24 + 12. Let d be (3/2)/(3/(-4)). Is (-106)/j*(-9)/d prime?
False
Is (1 + 1)/(44/462) composite?
True
Let n(m) = 4*m**3 - 4*m**2 - 8*m + 7. Is n(6) a prime number?
False
Let l(j) = j**2 + 10*j + 10. Let y be 22/((-3)/(-6)*-4). Is l(y) composite?
True
Let s = -83 - -199. Suppose -414 = -2*u - s. Is u a composite number?
False
Let h(o) = o**2 + 0 + 6 + 9 - 4*o - 12. Is h(4) composite?
False
Let b(j) = 4*j**3 + 2*j**2 - 4*j + 2. Let x(u) = 4*u**2 + 0*u**3 + u**2 + u**3 + 3*u - 2. Let i be x(-4). Is b(i) composite?
True
Suppose 5*n - 542 = 3*n. Is n composite?
False
Let f = -108 - -211. Let q = f + 82. Is q a composite number?
True
Suppose -3*w - 7*q = -2*q, 0 = 2*w + q. Suppose -3*l + 1903 = 4*s, s - 6*s - 25 = w. Is l prime?
True
Let y(b) be the first derivative of 7*b**3/3 + 2*b + 3. Is y(-3) composite?
True
Let y = -124 - -53. Let k = 115 + y. Let h = k + -13. Is h a composite number?
False
Let m = -521 + 1739. Suppose 0 = 3*q - m + 321. Is q a prime number?
False
Suppose -5*l + 4*y + 3769 = 0, 2*l - 4*l = 4*y - 1530. Is l a prime number?
True
Suppose 5*j - 3*j = 6. Suppose 3*v - 9 = 0, -j*f = f + 5*v - 307. Let o = f + 54. Is o a composite number?
False
Let p be -3*(-3 + 40/12). Is 89/(p*2/(-2)) composite?
False
Suppose -4*b + 40 = 4*c + 152, -2*c + 3*b - 56 = 0. Let z = c + 50. Is z composite?
True
Let g(n) = 9*n**2 - 5*n + 3. Is g(4) a composite number?
False
Suppose -j + 165 + 100 = 0. Is j a prime number?
False
Suppose -3*i + 8*i = -25, 5*i = m - 1064. Is m a composite number?
False
Let i(y) = y**2 + y + 1. Is i(-15) a prime number?
True
Suppose 17288 = 5*g - d, 6 = -2*d - 0*d. Is g composite?
False
Let x(c) = 33*c. Let i = 2 - -2. Let b = -3 + i. Is x(